{"id":362,"date":"2025-08-28T22:48:34","date_gmt":"2025-08-28T19:48:34","guid":{"rendered":"https:\/\/www.tezgelclinic.com\/?page_id=362"},"modified":"2026-02-22T00:05:39","modified_gmt":"2026-02-21T21:05:39","slug":"allonsix","status":"publish","type":"page","link":"https:\/\/www.tezgelclinic.com\/?page_id=362","title":{"rendered":"All On Six \u0130mplant"},"content":{"rendered":"\t\t<div data-elementor-type=\"wp-page\" data-elementor-id=\"362\" class=\"elementor elementor-362\" data-elementor-post-type=\"page\">\n\t\t\t\t\t\t<section class=\"elementor-section elementor-top-section elementor-element elementor-element-10653d06 elementor-section-boxed elementor-section-height-default elementor-section-height-default\" data-id=\"10653d06\" data-element_type=\"section\" data-settings=\"{&quot;background_background&quot;:&quot;classic&quot;}\">\n\t\t\t\t\t\t\t<div class=\"elementor-background-overlay\"><\/div>\n\t\t\t\t\t\t\t<div class=\"elementor-container elementor-column-gap-default\">\n\t\t\t\t\t<div class=\"elementor-column elementor-col-100 elementor-top-column elementor-element elementor-element-4a481c88\" data-id=\"4a481c88\" data-element_type=\"column\">\n\t\t\t<div class=\"elementor-widget-wrap elementor-element-populated\">\n\t\t\t\t\t\t<div class=\"elementor-element elementor-element-39053b9e elementor-widget__width-initial elementor-widget elementor-widget-heading\" data-id=\"39053b9e\" data-element_type=\"widget\" data-widget_type=\"heading.default\">\n\t\t\t\t\t<h1 class=\"elementor-heading-title elementor-size-default\">Hayalinizdeki G\u00fcl\u00fc\u015f, Tecr\u00fcbemizle Ger\u00e7ekle\u015fir<\/h1>\t\t\t\t<\/div>\n\t\t\t\t<div class=\"elementor-element elementor-element-29a2d37d elementor-widget elementor-widget-text-editor\" data-id=\"29a2d37d\" data-element_type=\"widget\" data-widget_type=\"text-editor.default\">\n\t\t\t\t\t\t\t\t\t<p>G\u00fcl\u00fc\u015f tasar\u0131m\u0131 ile di\u015flerinizi sadece g\u00fczelle\u015ftirmiyoruz; sa\u011fl\u0131kl\u0131, estetik ve size \u00f6zel bir g\u00fcl\u00fc\u015f yarat\u0131yoruz.<\/p>\t\t\t\t\t\t\t\t<\/div>\n\t\t\t\t\t<\/div>\n\t\t<\/div>\n\t\t\t\t\t<\/div>\n\t\t<\/section>\n\t\t\t\t<section class=\"elementor-section elementor-top-section elementor-element elementor-element-40a6bcb4 elementor-section-boxed elementor-section-height-default elementor-section-height-default\" data-id=\"40a6bcb4\" data-element_type=\"section\" data-settings=\"{&quot;background_background&quot;:&quot;classic&quot;}\">\n\t\t\t\t\t\t\t<div class=\"elementor-background-overlay\"><\/div>\n\t\t\t\t\t\t\t<div class=\"elementor-container elementor-column-gap-default\">\n\t\t\t\t\t<div class=\"elementor-column elementor-col-100 elementor-top-column elementor-element elementor-element-2edea49d\" data-id=\"2edea49d\" data-element_type=\"column\">\n\t\t\t<div class=\"elementor-widget-wrap elementor-element-populated\">\n\t\t\t\t\t\t<div class=\"elementor-element elementor-element-d450d87 elementor-widget elementor-widget-heading\" data-id=\"d450d87\" data-element_type=\"widget\" data-widget_type=\"heading.default\">\n\t\t\t\t\t<h3 class=\"elementor-heading-title elementor-size-default\">All-on-6 \u0130mplant Tedavisi ile Eksiksiz G\u00fcl\u00fc\u015flere Kal\u0131c\u0131 \u00c7\u00f6z\u00fcm<\/h3>\t\t\t\t<\/div>\n\t\t\t\t<div class=\"elementor-element elementor-element-378d4a91 elementor-widget elementor-widget-text-editor\" data-id=\"378d4a91\" data-element_type=\"widget\" data-widget_type=\"text-editor.default\">\n\t\t\t\t\t\t\t\t\t<p>Di\u015f kayb\u0131, hem estetik a\u00e7\u0131dan \u00f6zg\u00fcveni hem de yemek yeme ve konu\u015fma gibi g\u00fcnl\u00fck ya\u015fam fonksiyonlar\u0131n\u0131 do\u011frudan etkiler. \u00d6zellikle \u00fcst veya alt \u00e7enedeki t\u00fcm di\u015flerini kaybetmi\u015f ki\u015filer i\u00e7in en kal\u0131c\u0131 ve g\u00fcvenilir y\u00f6ntemlerden biri <strong data-start=\"595\" data-end=\"627\">All-on-6 implant tedavisidir<\/strong>.<\/p>\t\t\t\t\t\t\t\t<\/div>\n\t\t\t\t<div class=\"elementor-element elementor-element-5b28dbfb elementor-widget elementor-widget-text-editor\" data-id=\"5b28dbfb\" data-element_type=\"widget\" data-widget_type=\"text-editor.default\">\n\t\t\t\t\t\t\t\t\t<p>Bu y\u00f6ntemle \u00e7eneye 6 adet implant yerle\u015ftirilir ve \u00fczerine sabit protez di\u015fler yap\u0131l\u0131r. B\u00f6ylece, do\u011fal g\u00f6r\u00fcn\u00fcml\u00fc, sa\u011flam ve uzun \u00f6m\u00fcrl\u00fc bir g\u00fcl\u00fc\u015f elde edilir. Klasik protezlerin yaratt\u0131\u011f\u0131 hareket etme, vurma ve rahats\u0131zl\u0131k hissi ortadan kalkar.<\/p><p><img fetchpriority=\"high\" decoding=\"async\" class=\"aligncenter wp-image-829 size-full\" src=\"http:\/\/www.tezgelclinic.com\/wp-content\/uploads\/2026\/02\/allonsix.jpg\" alt=\"\" width=\"1000\" height=\"795\" srcset=\"https:\/\/www.tezgelclinic.com\/wp-content\/uploads\/2026\/02\/allonsix.jpg 1000w, https:\/\/www.tezgelclinic.com\/wp-content\/uploads\/2026\/02\/allonsix-300x239.jpg 300w, https:\/\/www.tezgelclinic.com\/wp-content\/uploads\/2026\/02\/allonsix-768x611.jpg 768w\" sizes=\"(max-width: 1000px) 100vw, 1000px\" \/><\/p>\t\t\t\t\t\t\t\t<\/div>\n\t\t\t\t<div class=\"elementor-element elementor-element-720153e2 elementor-widget elementor-widget-heading\" data-id=\"720153e2\" data-element_type=\"widget\" data-widget_type=\"heading.default\">\n\t\t\t\t\t<h4 class=\"elementor-heading-title elementor-size-default\">All on Six \u0130mplant Tedavi S\u00fcrecimiz<\/h4>\t\t\t\t<\/div>\n\t\t\t\t<div class=\"elementor-element elementor-element-3f19014e elementor-widget elementor-widget-text-editor\" data-id=\"3f19014e\" data-element_type=\"widget\" data-widget_type=\"text-editor.default\">\n\t\t\t\t\t\t\t\t\t<ol data-start=\"928\" data-end=\"1781\"><li data-start=\"928\" data-end=\"1138\"><p data-start=\"931\" data-end=\"956\"><strong data-start=\"931\" data-end=\"954\">Muayene ve Planlama<\/strong><\/p><ul data-start=\"960\" data-end=\"1138\"><li data-start=\"960\" data-end=\"1053\"><p data-start=\"962\" data-end=\"1053\">Panoramik r\u00f6ntgen ve 3 boyutlu tomografi ile \u00e7ene kemi\u011fi ve di\u015f etleri detayl\u0131 incelenir.<\/p><\/li><li data-start=\"1057\" data-end=\"1138\"><p data-start=\"1059\" data-end=\"1138\">Hastan\u0131n genel sa\u011fl\u0131k durumu, kemik yo\u011funlu\u011fu ve ihtiya\u00e7lar\u0131 de\u011ferlendirilir.<\/p><\/li><\/ul><\/li><li data-start=\"1140\" data-end=\"1286\"><p data-start=\"1143\" data-end=\"1162\"><strong data-start=\"1143\" data-end=\"1160\">Cerrahi A\u015fama<\/strong><\/p><ul data-start=\"1166\" data-end=\"1286\"><li data-start=\"1166\" data-end=\"1215\"><p data-start=\"1168\" data-end=\"1215\">\u00c7eneye 6 adet titanyum implant yerle\u015ftirilir.<\/p><\/li><li data-start=\"1219\" data-end=\"1286\"><p data-start=\"1221\" data-end=\"1286\">\u0130mplantlar\u0131n yerle\u015fim a\u00e7\u0131s\u0131 ve pozisyonu \u00f6zel olarak planlan\u0131r.<\/p><\/li><\/ul><\/li><li data-start=\"1288\" data-end=\"1435\"><p data-start=\"1291\" data-end=\"1321\"><strong data-start=\"1291\" data-end=\"1319\">Ge\u00e7ici Protez Uygulamas\u0131<\/strong><\/p><ul data-start=\"1325\" data-end=\"1435\"><li data-start=\"1325\" data-end=\"1390\"><p data-start=\"1327\" data-end=\"1390\">\u0130mplantlar\u0131n \u00fczerine ayn\u0131 g\u00fcn ge\u00e7ici sabit protezler tak\u0131l\u0131r.<\/p><\/li><li data-start=\"1394\" data-end=\"1435\"><p data-start=\"1396\" data-end=\"1435\">Hasta tedavi s\u00fcrecinde di\u015fsiz kalmaz.<\/p><\/li><\/ul><\/li><li data-start=\"1437\" data-end=\"1607\"><p data-start=\"1440\" data-end=\"1470\"><strong data-start=\"1440\" data-end=\"1468\">\u0130yile\u015fme S\u00fcreci (3-6 Ay)<\/strong><\/p><ul data-start=\"1474\" data-end=\"1607\"><li data-start=\"1474\" data-end=\"1533\"><p data-start=\"1476\" data-end=\"1533\">Bu s\u00fcre\u00e7te implantlar kemi\u011fe kaynar (osseointegrasyon).<\/p><\/li><li data-start=\"1537\" data-end=\"1607\"><p data-start=\"1539\" data-end=\"1607\">Hasta yumu\u015fak g\u0131dalarla beslenerek g\u00fcnl\u00fck ya\u015fam\u0131na devam edebilir.<\/p><\/li><\/ul><\/li><li data-start=\"1609\" data-end=\"1781\"><p data-start=\"1612\" data-end=\"1642\"><strong data-start=\"1612\" data-end=\"1640\">Kal\u0131c\u0131 Protez Uygulamas\u0131<\/strong><\/p><ul data-start=\"1646\" data-end=\"1781\"><li data-start=\"1646\" data-end=\"1697\"><p data-start=\"1648\" data-end=\"1697\">\u0130yile\u015fme s\u00fcreci tamamland\u0131\u011f\u0131nda \u00f6l\u00e7\u00fcler al\u0131n\u0131r.<\/p><\/li><li data-start=\"1701\" data-end=\"1781\"><p data-start=\"1703\" data-end=\"1781\">Dayan\u0131kl\u0131, estetik ve uzun \u00f6m\u00fcrl\u00fc sabit protezler implantlara yerle\u015ftirilir.<\/p><\/li><\/ul><\/li><\/ol>\t\t\t\t\t\t\t\t<\/div>\n\t\t\t\t\t<\/div>\n\t\t<\/div>\n\t\t\t\t\t<\/div>\n\t\t<\/section>\n\t\t<div class=\"elementor-element elementor-element-183d7c5 e-flex e-con-boxed e-con e-parent\" data-id=\"183d7c5\" data-element_type=\"container\">\n\t\t\t\t\t<div class=\"e-con-inner\">\n\t\t\t\t<div class=\"elementor-element elementor-element-39823f0 elementor-widget elementor-widget-heading\" data-id=\"39823f0\" data-element_type=\"widget\" data-widget_type=\"heading.default\">\n\t\t\t\t\t<h2 class=\"elementor-heading-title elementor-size-default\">All-on-6 \u0130mplant Tedavisinin Avantajlar\u0131<\/h2>\t\t\t\t<\/div>\n\t\t\t\t\t<\/div>\n\t\t\t\t<\/div>\n\t\t<div class=\"elementor-element elementor-element-b2c661f e-flex e-con-boxed e-con e-parent\" data-id=\"b2c661f\" data-element_type=\"container\">\n\t\t\t\t\t<div class=\"e-con-inner\">\n\t\t\t\t<div class=\"elementor-element elementor-element-1398fbf elementor-icon-list--layout-traditional elementor-list-item-link-full_width elementor-widget elementor-widget-icon-list\" data-id=\"1398fbf\" data-element_type=\"widget\" data-widget_type=\"icon-list.default\">\n\t\t\t\t\t\t\t<ul class=\"elementor-icon-list-items\">\n\t\t\t\t\t\t\t<li class=\"elementor-icon-list-item\">\n\t\t\t\t\t\t\t\t\t\t\t<span class=\"elementor-icon-list-icon\">\n\t\t\t\t\t\t\t<svg aria-hidden=\"true\" class=\"e-font-icon-svg e-fas-check\" viewBox=\"0 0 512 512\" xmlns=\"http:\/\/www.w3.org\/2000\/svg\"><path d=\"M173.898 439.404l-166.4-166.4c-9.997-9.997-9.997-26.206 0-36.204l36.203-36.204c9.997-9.998 26.207-9.998 36.204 0L192 312.69 432.095 72.596c9.997-9.997 26.207-9.997 36.204 0l36.203 36.204c9.997 9.997 9.997 26.206 0 36.204l-294.4 294.401c-9.998 9.997-26.207 9.997-36.204-.001z\"><\/path><\/svg>\t\t\t\t\t\t<\/span>\n\t\t\t\t\t\t\t\t\t\t<span class=\"elementor-icon-list-text\">Do\u011fal g\u00f6r\u00fcn\u00fcml\u00fc ve sabit di\u015flere sahip olma imkan\u0131 sunar.<\/span>\n\t\t\t\t\t\t\t\t\t<\/li>\n\t\t\t\t\t\t\t\t<li class=\"elementor-icon-list-item\">\n\t\t\t\t\t\t\t\t\t\t\t<span class=\"elementor-icon-list-icon\">\n\t\t\t\t\t\t\t<svg aria-hidden=\"true\" class=\"e-font-icon-svg e-fas-check\" viewBox=\"0 0 512 512\" xmlns=\"http:\/\/www.w3.org\/2000\/svg\"><path d=\"M173.898 439.404l-166.4-166.4c-9.997-9.997-9.997-26.206 0-36.204l36.203-36.204c9.997-9.998 26.207-9.998 36.204 0L192 312.69 432.095 72.596c9.997-9.997 26.207-9.997 36.204 0l36.203 36.204c9.997 9.997 9.997 26.206 0 36.204l-294.4 294.401c-9.998 9.997-26.207 9.997-36.204-.001z\"><\/path><\/svg>\t\t\t\t\t\t<\/span>\n\t\t\t\t\t\t\t\t\t\t<span class=\"elementor-icon-list-text\">\u00c7i\u011fneme fonksiyonu, do\u011fal di\u015flere en yak\u0131n seviyeye gelir.<\/span>\n\t\t\t\t\t\t\t\t\t<\/li>\n\t\t\t\t\t\t\t\t<li class=\"elementor-icon-list-item\">\n\t\t\t\t\t\t\t\t\t\t\t<span class=\"elementor-icon-list-icon\">\n\t\t\t\t\t\t\t<svg aria-hidden=\"true\" class=\"e-font-icon-svg e-fas-check\" viewBox=\"0 0 512 512\" xmlns=\"http:\/\/www.w3.org\/2000\/svg\"><path d=\"M173.898 439.404l-166.4-166.4c-9.997-9.997-9.997-26.206 0-36.204l36.203-36.204c9.997-9.998 26.207-9.998 36.204 0L192 312.69 432.095 72.596c9.997-9.997 26.207-9.997 36.204 0l36.203 36.204c9.997 9.997 9.997 26.206 0 36.204l-294.4 294.401c-9.998 9.997-26.207 9.997-36.204-.001z\"><\/path><\/svg>\t\t\t\t\t\t<\/span>\n\t\t\t\t\t\t\t\t\t\t<span class=\"elementor-icon-list-text\">Kemik erimesini yava\u015flat\u0131r, \u00e7ene kemi\u011fini destekler.<\/span>\n\t\t\t\t\t\t\t\t\t<\/li>\n\t\t\t\t\t\t\t\t<li class=\"elementor-icon-list-item\">\n\t\t\t\t\t\t\t\t\t\t\t<span class=\"elementor-icon-list-icon\">\n\t\t\t\t\t\t\t<svg aria-hidden=\"true\" class=\"e-font-icon-svg e-fas-check\" viewBox=\"0 0 512 512\" xmlns=\"http:\/\/www.w3.org\/2000\/svg\"><path d=\"M173.898 439.404l-166.4-166.4c-9.997-9.997-9.997-26.206 0-36.204l36.203-36.204c9.997-9.998 26.207-9.998 36.204 0L192 312.69 432.095 72.596c9.997-9.997 26.207-9.997 36.204 0l36.203 36.204c9.997 9.997 9.997 26.206 0 36.204l-294.4 294.401c-9.998 9.997-26.207 9.997-36.204-.001z\"><\/path><\/svg>\t\t\t\t\t\t<\/span>\n\t\t\t\t\t\t\t\t\t\t<span class=\"elementor-icon-list-text\">Hareketli protezlere g\u00f6re \u00e7ok daha konforlu ve g\u00fcvenlidir.<\/span>\n\t\t\t\t\t\t\t\t\t<\/li>\n\t\t\t\t\t\t\t\t<li class=\"elementor-icon-list-item\">\n\t\t\t\t\t\t\t\t\t\t\t<span class=\"elementor-icon-list-icon\">\n\t\t\t\t\t\t\t<svg aria-hidden=\"true\" class=\"e-font-icon-svg e-fas-check\" viewBox=\"0 0 512 512\" xmlns=\"http:\/\/www.w3.org\/2000\/svg\"><path d=\"M173.898 439.404l-166.4-166.4c-9.997-9.997-9.997-26.206 0-36.204l36.203-36.204c9.997-9.998 26.207-9.998 36.204 0L192 312.69 432.095 72.596c9.997-9.997 26.207-9.997 36.204 0l36.203 36.204c9.997 9.997 9.997 26.206 0 36.204l-294.4 294.401c-9.998 9.997-26.207 9.997-36.204-.001z\"><\/path><\/svg>\t\t\t\t\t\t<\/span>\n\t\t\t\t\t\t\t\t\t\t<span class=\"elementor-icon-list-text\">Uzun \u00f6m\u00fcrl\u00fcd\u00fcr ve do\u011fru bak\u0131m ile onlarca y\u0131l kullan\u0131labilir.<\/span>\n\t\t\t\t\t\t\t\t\t<\/li>\n\t\t\t\t\t\t\t\t<li class=\"elementor-icon-list-item\">\n\t\t\t\t\t\t\t\t\t\t\t<span class=\"elementor-icon-list-icon\">\n\t\t\t\t\t\t\t<svg aria-hidden=\"true\" class=\"e-font-icon-svg e-fas-check\" viewBox=\"0 0 512 512\" xmlns=\"http:\/\/www.w3.org\/2000\/svg\"><path d=\"M173.898 439.404l-166.4-166.4c-9.997-9.997-9.997-26.206 0-36.204l36.203-36.204c9.997-9.998 26.207-9.998 36.204 0L192 312.69 432.095 72.596c9.997-9.997 26.207-9.997 36.204 0l36.203 36.204c9.997 9.997 9.997 26.206 0 36.204l-294.4 294.401c-9.998 9.997-26.207 9.997-36.204-.001z\"><\/path><\/svg>\t\t\t\t\t\t<\/span>\n\t\t\t\t\t\t\t\t\t\t<span class=\"elementor-icon-list-text\">Hem estetik hem de fonksiyonel bir \u00e7\u00f6z\u00fcm sa\u011flar.<\/span>\n\t\t\t\t\t\t\t\t\t<\/li>\n\t\t\t\t\t\t<\/ul>\n\t\t\t\t\t\t<\/div>\n\t\t\t\t\t<\/div>\n\t\t\t\t<\/div>\n\t\t<div class=\"elementor-element elementor-element-87b9a67 e-flex e-con-boxed e-con e-parent\" data-id=\"87b9a67\" data-element_type=\"container\">\n\t\t\t\t\t<div class=\"e-con-inner\">\n\t\t\t\t<div class=\"elementor-element elementor-element-3c4cc06 elementor-widget elementor-widget-text-editor\" data-id=\"3c4cc06\" data-element_type=\"widget\" data-widget_type=\"text-editor.default\">\n\t\t\t\t\t\t\t\t\t<h2 data-start=\"2203\" data-end=\"2233\">S\u0131k\u00e7a Sorulan Sorular (SSS)<\/h2><p data-start=\"2235\" data-end=\"2402\"><strong data-start=\"2235\" data-end=\"2289\">1. All-on-6 implant tedavisi kimler i\u00e7in uygundur?<\/strong><br data-start=\"2289\" data-end=\"2292\" \/>\u00dcst veya alt \u00e7enedeki t\u00fcm di\u015flerini kaybetmi\u015f, yeterli kemik yap\u0131s\u0131na sahip yeti\u015fkin hastalar i\u00e7in uygundur.<\/p><p data-start=\"2404\" data-end=\"2586\"><strong data-start=\"2404\" data-end=\"2454\">2. All-on-4 ve All-on-6 aras\u0131ndaki fark nedir?<\/strong><br data-start=\"2454\" data-end=\"2457\" \/>All-on-6\u2019da \u00e7eneye 6 implant yerle\u015ftirilir. Bu, proteze daha fazla destek sa\u011flar ve uzun vadede daha dayan\u0131kl\u0131 bir sonu\u00e7 verir.<\/p><p data-start=\"2588\" data-end=\"2759\"><strong data-start=\"2588\" data-end=\"2617\">3. Tedavi ne kadar s\u00fcrer?<\/strong><br data-start=\"2617\" data-end=\"2620\" \/>\u0130mplantlar\u0131n yerle\u015ftirilmesi ve ge\u00e7ici protezlerin tak\u0131lmas\u0131 1 g\u00fcn i\u00e7erisinde yap\u0131labilir. Kal\u0131c\u0131 protezler i\u00e7in 3-6 ay beklemek gerekir.<\/p><p data-start=\"2761\" data-end=\"2911\"><strong data-start=\"2761\" data-end=\"2787\">4. \u0130\u015flem a\u011fr\u0131l\u0131 m\u0131d\u0131r?<\/strong><br data-start=\"2787\" data-end=\"2790\" \/>Operasyon lokal anestezi alt\u0131nda yap\u0131l\u0131r. \u0130\u015flem sonras\u0131 hafif a\u011fr\u0131 ve \u015fi\u015flik olabilir, ancak birka\u00e7 g\u00fcn i\u00e7inde d\u00fczelir.<\/p><p data-start=\"2913\" data-end=\"3025\"><strong data-start=\"2913\" data-end=\"2959\">5. All-on-6 implantlar\u0131n \u00f6mr\u00fc ne kadard\u0131r?<\/strong><br data-start=\"2959\" data-end=\"2962\" \/>D\u00fczenli bak\u0131m ve kontrollerle 20 y\u0131l ve \u00fczeri kullan\u0131labilir.<\/p><p data-start=\"3027\" data-end=\"3184\"><strong data-start=\"3027\" data-end=\"3077\">6. Tedavi sonras\u0131 hemen yemek yiyebilir miyim?<\/strong><br data-start=\"3077\" data-end=\"3080\" \/>Ge\u00e7ici protezlerle yumu\u015fak g\u0131dalar t\u00fcketilebilir. Kal\u0131c\u0131 protezlerden sonra normal beslenmeye d\u00f6n\u00fcl\u00fcr.<\/p><p data-start=\"3186\" data-end=\"3376\"><strong data-start=\"3186\" data-end=\"3226\">7. All-on-6 implantlar pahal\u0131 m\u0131d\u0131r?<\/strong><br data-start=\"3226\" data-end=\"3229\" \/>Klasik implantlara g\u00f6re daha ekonomik olabilir \u00e7\u00fcnk\u00fc her di\u015f i\u00e7in ayr\u0131 implant gerekmez. Ancak fiyat, kullan\u0131lan malzeme ve klini\u011fe g\u00f6re de\u011fi\u015fir.<\/p><p data-start=\"3378\" data-end=\"3521\"><strong data-start=\"3378\" data-end=\"3426\">8. Sigara kullan\u0131m\u0131 tedaviye zarar verir mi?<\/strong><br data-start=\"3426\" data-end=\"3429\" \/>Evet. Sigara, implant\u0131n kemikle kayna\u015fma s\u00fcrecini olumsuz etkiler. Ba\u015far\u0131 oran\u0131 d\u00fc\u015febilir.<\/p><p data-start=\"3523\" data-end=\"3676\"><strong data-start=\"3523\" data-end=\"3570\">9. Tedavi sonras\u0131 bak\u0131m nas\u0131l yap\u0131lmal\u0131d\u0131r?<\/strong><br data-start=\"3570\" data-end=\"3573\" \/>Di\u015f f\u0131r\u00e7alama, di\u015f ipi, a\u011f\u0131z gargaras\u0131 ve d\u00fczenli doktor kontrolleri tedavinin ba\u015far\u0131s\u0131 i\u00e7in \u015fartt\u0131r.<\/p><p data-start=\"3678\" data-end=\"3852\"><strong data-start=\"3678\" data-end=\"3749\">10. All-on-6 implant yapt\u0131ran hasta g\u00fcnl\u00fck hayat\u0131na ne zaman d\u00f6ner?<\/strong><br data-start=\"3749\" data-end=\"3752\" \/>Genellikle 1-2 g\u00fcn i\u00e7inde g\u00fcnl\u00fck hayat\u0131na d\u00f6nebilir. \u0130\u015flem sonras\u0131 iyile\u015fme s\u00fcreci konforlu ge\u00e7er.<\/p>\t\t\t\t\t\t\t\t<\/div>\n\t\t\t\t\t<\/div>\n\t\t\t\t<\/div>\n\t\t\t\t<\/div>\n\t\t","protected":false},"excerpt":{"rendered":"<p>Hayalinizdeki G\u00fcl\u00fc\u015f, Tecr\u00fcbemizle Ger\u00e7ekle\u015fir G\u00fcl\u00fc\u015f tasar\u0131m\u0131 ile di\u015flerinizi sadece g\u00fczelle\u015ftirmiyoruz; sa\u011fl\u0131kl\u0131, estetik ve size \u00f6zel bir g\u00fcl\u00fc\u015f yarat\u0131yoruz. All-on-6 \u0130mplant Tedavisi ile Eksiksiz G\u00fcl\u00fc\u015flere Kal\u0131c\u0131 \u00c7\u00f6z\u00fcm Di\u015f kayb\u0131, hem estetik a\u00e7\u0131dan \u00f6zg\u00fcveni hem de yemek yeme ve konu\u015fma gibi g\u00fcnl\u00fck ya\u015fam fonksiyonlar\u0131n\u0131 do\u011frudan etkiler. \u00d6zellikle \u00fcst veya alt \u00e7enedeki t\u00fcm di\u015flerini kaybetmi\u015f ki\u015filer i\u00e7in en [&hellip;]<\/p>\n","protected":false},"author":1,"featured_media":0,"parent":142,"menu_order":0,"comment_status":"closed","ping_status":"closed","template":"elementor_header_footer","meta":{"footnotes":""},"class_list":["post-362","page","type-page","status-publish","hentry"],"_links":{"self":[{"href":"https:\/\/www.tezgelclinic.com\/index.php?rest_route=\/wp\/v2\/pages\/362","targetHints":{"allow":["GET"]}}],"collection":[{"href":"https:\/\/www.tezgelclinic.com\/index.php?rest_route=\/wp\/v2\/pages"}],"about":[{"href":"https:\/\/www.tezgelclinic.com\/index.php?rest_route=\/wp\/v2\/types\/page"}],"author":[{"embeddable":true,"href":"https:\/\/www.tezgelclinic.com\/index.php?rest_route=\/wp\/v2\/users\/1"}],"replies":[{"embeddable":true,"href":"https:\/\/www.tezgelclinic.com\/index.php?rest_route=%2Fwp%2Fv2%2Fcomments&post=362"}],"version-history":[{"count":13,"href":"https:\/\/www.tezgelclinic.com\/index.php?rest_route=\/wp\/v2\/pages\/362\/revisions"}],"predecessor-version":[{"id":1348,"href":"https:\/\/www.tezgelclinic.com\/index.php?rest_route=\/wp\/v2\/pages\/362\/revisions\/1348"}],"up":[{"embeddable":true,"href":"https:\/\/www.tezgelclinic.com\/index.php?rest_route=\/wp\/v2\/pages\/142"}],"wp:attachment":[{"href":"https:\/\/www.tezgelclinic.com\/index.php?rest_route=%2Fwp%2Fv2%2Fmedia&parent=362"}],"curies":[{"name":"wp","href":"https:\/\/api.w.org\/{rel}","templated":true}]}}